common divisor of 114 and b.
6
Let v = 1981 + -1357. What is the greatest common factor of v and 132?
12
Suppose 0 = -5*m + 3*q + 244, 5*m + 5*q = 3*m + 110. Let s be 48*1 + (-2)/(-1). What is the highest common factor of m and s?
50
Suppose -3*y - 15 + 48 = 0. Suppose y*l = 10*l - 2025. Let j be ((-1)/(-1))/((-25)/l). Calculate the greatest common divisor of 27 and j.
27
Suppose 40*w + 126 - 1039 = 647. Let b(r) = -r**3 - 7*r**2 - 3*r - 8. Let p be b(-7). Calculate the highest common divisor of p and w.
13
Let c be (-7 + (-30)/(-6))*-1*1. Suppose p + 2*p = 5*p. Suppose -3*m + 4*k = -c*m, p = -3*m + 2*k + 30. Calculate the highest common factor of 48 and m.
12
Suppose -5*m + 4*p + 61361 = -188927, 5*m - 7*p - 250279 = 0. What is the highest common factor of m and 20?
20
Let k(o) = 436*o**2 + 38*o - 322. Let h be k(6). What is the highest common divisor of 29 and h?
29
Let x be (-4)/14 + ((-7)/35 - (-594)/70). Calculate the highest common divisor of x and 4072.
8
Let f(h) = h**3 + 36*h**2 + 268*h - 19. Let t be f(-13). Calculate the greatest common divisor of 2048 and t.
128
Let u(s) = -s + 45. Let v be (12/(-42))/(2/(-14)). Let q(g) = 12*g - 4. Let n be q(v). Let t be u(n). What is the highest common factor of 75 and t?
25
Suppose 5*a - 3*j + 0 - 1 = 0, -2*a + j = -1. Let g(i) = 18*i**a - 9*i - 41 - i**3 + 17 - 4*i. Let c be g(17). What is the greatest common divisor of c and 110?
22
Suppose -2*d = r + 2*d, -5*d - 42 = -4*r. Suppose 5*u + 28*c = 24*c + 480, -5*u + 475 = 3*c. Calculate the highest common divisor of r and u.
4
Let w(j) = -2*j**2 - j + 1. Let f be w(13). Let v be ((-30)/25)/(2/f). What is the greatest common factor of 42 and v?
42
Let r(x) = 20*x - 576. Let l be r(30). Calculate the highest common divisor of l and 76.
4
Let p be 4 - 6*2/(-2). Let y(t) = -2*t**3 - 34*t**2 - 17*t - 119. Let a be y(-17). What is the highest common divisor of p and a?
10
Suppose -51*f + 351 = -346 - 629. Calculate the highest common divisor of 299 and f.
13
Let q be 90/510 - (-201825)/765. Suppose v = -14 + 58. Calculate the greatest common factor of v and q.
44
Let i be (-72)/108 - (-7636)/6. What is the highest common factor of i and 24?
24
Let j = -24 + 34. Let c(a) = 8*a**2 - 23*a - 31. Let b be c(-8). Let y = -660 + b. What is the greatest common factor of y and j?
5
Suppose 692*d - 354*d = 354*d - 256. What is the highest common factor of 3524 and d?
4
Suppose -187810 = -65*d + 9195 + 250195. What is the greatest common factor of d and 60?
20
Suppose 112*g = 197*g - 359805. What is the highest common divisor of 289 and g?
17
Let c(p) = -p**2 - 19*p - 74. Let x be c(-6). Suppose x*g - v - 235 = 0, -25 = 3*v - 8*v. Calculate the highest common factor of g and 24.
12
Suppose 5*c - 49 - 71 = -5*m, -3*c = 4*m - 75. Suppose w - 151 = -4*y, -2*w + 292 = -c*y + 19*y. What is the highest common factor of w and 98?
49
Suppose 579 = -4*j + 571, x - 70 = -10*j. Calculate the greatest common factor of 588 and x.
6
Suppose -139*l = -45*l + 349*l - 119610. Calculate the greatest common factor of 2280 and l.
30
Let d be 3*36/(6 + -2). Let t be (3 - -1)*d*16/(-24). Let s = 18 - t. What is the highest common divisor of s and 10?
10
Let r(v) = -2*v + 12. Let b = -56 + 60. Let s be r(b). What is the highest common divisor of s and 64?
4
Let z be (-1)/(-1 + (-1)/(-7) + 1). Let n(c) = -6*c**2 - 56*c + 16. Let r be n(z). Calculate the greatest common factor of r and 76.
38
Suppose -25 = -5*i - s, -3*i + 2*s = 4*s - 22. Suppose i*u + 20 = 36. Suppose 2*x - u = 62. Calculate the greatest common divisor of 33 and x.
33
Let f be -18*((-665)/(-10))/(-7). Suppose 5*n = -15, -i + 3*n - 4*n = 120. Let j = i + f. Calculate the highest common factor of 9 and j.
9
Let p be 220*1035/720 - (-5)/(-4). What is the highest common divisor of p and 3605?
35
Suppose 4*a - 87 = 313. Let g(h) = h**3 - 10*h**2 + 16*h + 21. Let l be g(10). Let m = l - 156. Calculate the highest common factor of a and m.
25
Suppose 115 - 1347 = -4*d. Let q = 749 - d. Calculate the highest common factor of q and 63.
63
Let h be 261/4 + (-3)/12. Suppose 2*b = 9 + h. Let k = 57 - b. What is the greatest common divisor of k and 180?
20
Let r(v) = v**2 - 8*v + 22. Suppose -2*f + 11*f = 36. Let i be r(f). Calculate the greatest common factor of 102 and i.
6
Suppose 2*w + 0*w + 13 = c, 5 = 5*c + 5*w. Suppose -4*y + 5*i + 901 = -704, -c*y = -3*i - 1990. What is the highest common factor of 79 and y?
79
Suppose 10 + 10 = -4*i. Let g be 4/10 - i/((-100)/(-792)). Calculate the highest common divisor of g and 24.
8
Let o = 4092 + -2002. What is the highest common factor of 550 and o?
110
Let y = -14 + 18. Let z be 0/(-2*y/(-8)). Suppose z = -c - 10*c + 891. What is the greatest common factor of c and 27?
27
Let v(j) = -j + 12. Let c be v(6). Let r be (-147)/6 - (-1)/2. Let i = 33 + r. What is the greatest common factor of c and i?
3
Suppose y = -4*t + 12987 + 11413, 0 = -y. What is the greatest common factor of 50 and t?
50
Let f be (78/4)/((-1)/(-2)). Let a(d) = d**3 - 32*d**2 + 72*d - 295. Let q be a(30). What is the greatest common divisor of q and f?
13
Suppose -112 = -3*l + c, 4*l - 5*c - 116 = 48. Suppose -l*d = -41*d + 80. Calculate the highest common divisor of 64 and d.
16
Let u(y) = -16*y - 3. Let n be u(-5). Let q = n + -44. Let a(k) = -2*k**2 - 25149*k - 75418. Let f be a(-3). What is the highest common divisor of q and f?
11
Let k be (-18)/(-63) - 4*(-69)/14. Let j be (-2 - k/(-16)) + (-3396)/(-48). What is the highest common factor of j and 105?
35
Suppose -1050 = 3*c - 1065. What is the highest common factor of c and 390?
5
Suppose -22*u = 9*u - 16120. Calculate the highest common factor of u and 910.
130
Let p be -2 + 3 - (3 + -5). Let q be (-1 - 11)/(1*6/(-8)). Suppose c = -2*k + 52, k - 4 = c + q. What is the greatest common divisor of k and p?
3
Suppose -49*u - 1224 = -55*u. Calculate the greatest common factor of 1173 and u.
51
Let f = -20983 - -22407. What is the greatest common divisor of 1602 and f?
178
Suppose -2*r - 4*r = -96. Let c = 14635 - 14419. Calculate the highest common divisor of r and c.
8
Let x be ((-77)/2)/((-1)/2). Let h(g) = g**3 - g**2 - g - 1. Let l be h(0). Let a be 13 + l/(-1) + (-6 - -3). What is the highest common divisor of a and x?
11
Suppose 0*d = 4*d + 4*w - 140, 2*d - 82 = 2*w. What is the greatest common divisor of d and 6878?
38
Suppose -2*v + 10 = 3*v. Let z(q) = -q**3 + 21*q**2 + 80*q - 1222. Let d be z(22). Calculate the highest common divisor of d and v.
2
Let x(k) = -10*k + 55. Let f be x(4). Let z be ((-80)/f)/(1/(-3)). Suppose 0 = -4*h + 5*h - 48. What is the highest common factor of z and h?
16
Let r(p) = -p**3 + 79*p**2 - 206*p + 2240. Let f be r(76). Calculate the greatest common factor of f and 408.
24
Let o = 129 - 125. Suppose 4*p - 9*x + 6*x - 2837 = 0, -o*p + 2827 = -5*x. Calculate the highest common divisor of 23 and p.
23
Let w(p) = 12*p**2 + 65*p - 18. Let c be w(-8). Calculate the greatest common divisor of 506 and c.
46
Suppose -63 = -5*s - 3*c, -2*s + 13 = -4*c - 7. Suppose -150 = -3*u + 4*b, 0 = -b - 2 + 5. What is the highest common divisor of s and u?
6
Let t(z) = -4*z**3 - 23*z**2 + 12*z - 55. Let s be t(-8). What is the highest common factor of s and 136?
17
Let t = 9941 + -9646. What is the highest common factor of t and 40?
5
Let k be (-48)/(188/32 - 6). Suppose k = 7*z + 9*z. What is the highest common factor of z and 216?
24
Let t = -65 + 32. Let c = 11 + t. Let v = 60 + c. What is the highest common factor of 342 and v?
38
Let v be (-156)/(-65)*5 + 0 + 1. Suppose 8*o - 2205 = -v*o. What is the greatest common divisor of o and 252?
21
Suppose 38*s - 3*s - 1482 = -3*s. Suppose 0*i - 2*i + 1794 = 0. Calculate the greatest common divisor of i and s.
39
Let d = -2475 + 2523. What is the greatest common divisor of 1572 and d?
12
Suppose 0 = 2*t - 2*o - 72, 4*t + 22*o - 25*o - 142 = 0. What is the highest common factor of t and 6936?
34
Let c(v) = 8*v**2 - 11*v - 8. Let w be c(8). Calculate the greatest common divisor of 286 and w.
26
Let n = -4161 - -4173. Calculate the greatest common divisor of n and 384.
12
Let k(j) be the second derivative of -j**5/4 - 2*j**4/3 + j**3/3 - j**2 - 2*j - 15. Let b be k(-4). What is the highest common fac